{"id":29607,"date":"2021-09-06T01:51:47","date_gmt":"2021-09-06T04:51:47","guid":{"rendered":"https:\/\/psol50.com.br\/congresso2021\/?page_id=29607"},"modified":"2021-09-06T01:51:47","modified_gmt":"2021-09-06T04:51:47","slug":"acre","status":"publish","type":"page","link":"https:\/\/psol50.com.br\/congresso2021\/resultados-por-estados\/acre\/","title":{"rendered":"Resultados por estados ACRE"},"content":{"rendered":"<div class=\"fusion-fullwidth fullwidth-box fusion-builder-row-1 fusion-flex-container nonhundred-percent-fullwidth non-hundred-percent-height-scrolling\" style=\"background-color: rgba(255,255,255,0);background-position: center center;background-repeat: no-repeat;border-width: 0px 0px 0px 0px;border-color:#eae9e9;border-style:solid;\" ><div class=\"fusion-builder-row fusion-row fusion-flex-align-items-center\" style=\"max-width:1185.6px;margin-left: calc(-4% \/ 2 );margin-right: calc(-4% \/ 2 );\"><div class=\"fusion-layout-column fusion_builder_column fusion-builder-column-0 fusion_builder_column_1_1 1_1 fusion-flex-column\"><div class=\"fusion-column-wrapper fusion-flex-justify-content-flex-start fusion-content-layout-column\" style=\"background-position:left top;background-repeat:no-repeat;-webkit-background-size:cover;-moz-background-size:cover;-o-background-size:cover;background-size:cover;padding: 0px 0px 0px 0px;\"><div style=\"text-align:left;\"><style type=\"text\/css\">.fusion-button.button-1 .fusion-button-text, .fusion-button.button-1 i {color:#550080;}.fusion-button.button-1 .fusion-button-icon-divider{border-color:#550080;}.fusion-button.button-1:hover .fusion-button-text, .fusion-button.button-1:hover i,.fusion-button.button-1:focus .fusion-button-text, .fusion-button.button-1:focus i,.fusion-button.button-1:active .fusion-button-text, .fusion-button.button-1:active{color:#550080;}.fusion-button.button-1:hover .fusion-button-icon-divider, .fusion-button.button-1:hover .fusion-button-icon-divider, .fusion-button.button-1:active .fusion-button-icon-divider{border-color:#550080;}.fusion-button.button-1:hover, .fusion-button.button-1:focus, .fusion-button.button-1:active{border-color:rgba(255,255,255,0);border-width:0px;}.fusion-button.button-1 {border-color:#ffffff;border-width:0px;border-radius:0px;}.fusion-button.button-1{background: #ffffff;}.fusion-button.button-1:hover,.button-1:focus,.fusion-button.button-1:active{background: #eaeaea;}<\/style><a class=\"fusion-button button-flat button-large button-custom button-1 fusion-button-span-no fusion-button-default-type\" target=\"_blank\" rel=\"noopener noreferrer\" href=\"https:\/\/psol50.com.br\/congresso2021\/ac_relatorio_validacao\/\" style=\"margin-bottom:20px;\"><span class=\"fusion-button-text\"> Relat\u00f3rio  Valida\u00e7\u00e3o Urnas Municipais &#8211; ACRE<\/span><\/a><\/div><div style=\"text-align:left;\"><style type=\"text\/css\">.fusion-button.button-2 .fusion-button-text, .fusion-button.button-2 i {color:#550080;}.fusion-button.button-2 .fusion-button-icon-divider{border-color:#550080;}.fusion-button.button-2:hover .fusion-button-text, .fusion-button.button-2:hover i,.fusion-button.button-2:focus .fusion-button-text, .fusion-button.button-2:focus i,.fusion-button.button-2:active .fusion-button-text, .fusion-button.button-2:active{color:#550080;}.fusion-button.button-2:hover .fusion-button-icon-divider, .fusion-button.button-2:hover .fusion-button-icon-divider, .fusion-button.button-2:active .fusion-button-icon-divider{border-color:#550080;}.fusion-button.button-2:hover, .fusion-button.button-2:focus, .fusion-button.button-2:active{border-color:rgba(255,255,255,0);border-width:0px;}.fusion-button.button-2 {border-color:#ffffff;border-width:0px;border-radius:0px;}.fusion-button.button-2{background: #ffffff;}.fusion-button.button-2:hover,.button-2:focus,.fusion-button.button-2:active{background: #eaeaea;}<\/style><a class=\"fusion-button button-flat button-large button-custom button-2 fusion-button-span-no fusion-button-default-type\" target=\"_blank\" rel=\"noopener noreferrer\" href=\"https:\/\/psol50.com.br\/congresso2021\/ac_relatorio_dist_delegados_est\/\" style=\"margin-bottom:20px;\"><span class=\"fusion-button-text\">Resumo Vota\u00e7\u00e3o e Propor\u00e7\u00e3o Delegados Estaduais &#8211; ACRE<\/span><\/a><\/div><\/div><\/div><style type=\"text\/css\">.fusion-body .fusion-builder-column-0{width:100% !important;margin-top : 0px;margin-bottom : 0px;}.fusion-builder-column-0 > .fusion-column-wrapper {padding-top : 0px !important;padding-right : 0px !important;margin-right : 1.92%;padding-bottom : 0px !important;padding-left : 0px !important;margin-left : 1.92%;}@media only screen and (max-width:1024px) {.fusion-body .fusion-builder-column-0{width:100% !important;order : 0;}.fusion-builder-column-0 > .fusion-column-wrapper {margin-right : 1.92%;margin-left : 1.92%;}}@media only screen and (max-width:640px) {.fusion-body .fusion-builder-column-0{width:100% !important;order : 0;margin-top : 15px;margin-bottom : 15px;}.fusion-builder-column-0 > .fusion-column-wrapper {margin-right : 1.92%;margin-left : 1.92%;}}<\/style><\/div><style type=\"text\/css\">.fusion-body .fusion-flex-container.fusion-builder-row-1{ padding-top : 0px;margin-top : 20px;padding-right : 0px;padding-bottom : 0px;margin-bottom : 60px;padding-left : 0px;}@media only screen and (max-width:640px) {.fusion-body .fusion-flex-container.fusion-builder-row-1{ margin-top : 0px;margin-bottom : 0px;}}<\/style><\/div>\n","protected":false},"excerpt":{"rendered":"","protected":false},"author":1,"featured_media":0,"parent":29604,"menu_order":0,"comment_status":"closed","ping_status":"closed","template":"","meta":[],"yoast_head":"<!-- This site is optimized with the Yoast SEO plugin v18.4.1 - https:\/\/yoast.com\/wordpress\/plugins\/seo\/ -->\n<title>Resultados por estados ACRE - 7\u00ba Congresso Nacional do PSOL<\/title>\n<meta name=\"robots\" content=\"index, follow, max-snippet:-1, max-image-preview:large, max-video-preview:-1\" \/>\n<link rel=\"canonical\" href=\"https:\/\/psol50.com.br\/congresso2021\/resultados-por-estados\/acre\/\" \/>\n<meta property=\"og:locale\" content=\"pt_BR\" \/>\n<meta property=\"og:type\" content=\"article\" \/>\n<meta property=\"og:title\" content=\"Resultados por estados ACRE - 7\u00ba Congresso Nacional do PSOL\" \/>\n<meta property=\"og:url\" content=\"https:\/\/psol50.com.br\/congresso2021\/resultados-por-estados\/acre\/\" \/>\n<meta property=\"og:site_name\" content=\"7\u00ba Congresso Nacional do PSOL\" \/>\n<meta property=\"article:publisher\" content=\"https:\/\/www.facebook.com\/psol50\" \/>\n<meta property=\"og:image\" content=\"https:\/\/psol50.com.br\/congresso2021\/wp-content\/uploads\/2021\/05\/Thumbs_7CONPSOL.jpg\" \/>\n\t<meta property=\"og:image:width\" content=\"794\" \/>\n\t<meta property=\"og:image:height\" content=\"503\" \/>\n\t<meta property=\"og:image:type\" content=\"image\/jpeg\" \/>\n<meta name=\"twitter:card\" content=\"summary_large_image\" \/>\n<meta name=\"twitter:site\" content=\"@psol50\" \/>\n<meta name=\"twitter:label1\" content=\"Est. tempo de leitura\" \/>\n\t<meta name=\"twitter:data1\" content=\"6 minutos\" \/>\n<script type=\"application\/ld+json\" class=\"yoast-schema-graph\">{\"@context\":\"https:\/\/schema.org\",\"@graph\":[{\"@type\":\"Organization\",\"@id\":\"https:\/\/psol50.com.br\/congresso2021\/#organization\",\"name\":\"7\u00ba Congresso Nacional do PSOL\",\"url\":\"https:\/\/psol50.com.br\/congresso2021\/\",\"sameAs\":[\"https:\/\/www.facebook.com\/psol50\",\"https:\/\/www.instagram.com\/psol50\/\",\"https:\/\/www.youtube.com\/channel\/UC7SnJS5o1os7a6CaiNabzcg\",\"https:\/\/twitter.com\/psol50\"],\"logo\":{\"@type\":\"ImageObject\",\"@id\":\"https:\/\/psol50.com.br\/congresso2021\/#logo\",\"inLanguage\":\"pt-BR\",\"url\":\"https:\/\/psol50.com.br\/congresso2021\/wp-content\/uploads\/2021\/05\/Thumbs_7CONPSOL.jpg\",\"contentUrl\":\"https:\/\/psol50.com.br\/congresso2021\/wp-content\/uploads\/2021\/05\/Thumbs_7CONPSOL.jpg\",\"width\":794,\"height\":503,\"caption\":\"7\u00ba Congresso Nacional do PSOL\"},\"image\":{\"@id\":\"https:\/\/psol50.com.br\/congresso2021\/#logo\"}},{\"@type\":\"WebSite\",\"@id\":\"https:\/\/psol50.com.br\/congresso2021\/#website\",\"url\":\"https:\/\/psol50.com.br\/congresso2021\/\",\"name\":\"7\u00ba Congresso Nacional do PSOL\",\"description\":\"Partido Socialismo e Liberdade\",\"publisher\":{\"@id\":\"https:\/\/psol50.com.br\/congresso2021\/#organization\"},\"potentialAction\":[{\"@type\":\"SearchAction\",\"target\":{\"@type\":\"EntryPoint\",\"urlTemplate\":\"https:\/\/psol50.com.br\/congresso2021\/?s={search_term_string}\"},\"query-input\":\"required name=search_term_string\"}],\"inLanguage\":\"pt-BR\"},{\"@type\":\"WebPage\",\"@id\":\"https:\/\/psol50.com.br\/congresso2021\/resultados-por-estados\/acre\/#webpage\",\"url\":\"https:\/\/psol50.com.br\/congresso2021\/resultados-por-estados\/acre\/\",\"name\":\"Resultados por estados ACRE - 7\u00ba Congresso Nacional do PSOL\",\"isPartOf\":{\"@id\":\"https:\/\/psol50.com.br\/congresso2021\/#website\"},\"datePublished\":\"2021-09-06T04:51:47+00:00\",\"dateModified\":\"2021-09-06T04:51:47+00:00\",\"breadcrumb\":{\"@id\":\"https:\/\/psol50.com.br\/congresso2021\/resultados-por-estados\/acre\/#breadcrumb\"},\"inLanguage\":\"pt-BR\",\"potentialAction\":[{\"@type\":\"ReadAction\",\"target\":[\"https:\/\/psol50.com.br\/congresso2021\/resultados-por-estados\/acre\/\"]}]},{\"@type\":\"BreadcrumbList\",\"@id\":\"https:\/\/psol50.com.br\/congresso2021\/resultados-por-estados\/acre\/#breadcrumb\",\"itemListElement\":[{\"@type\":\"ListItem\",\"position\":1,\"name\":\"In\u00edcio\",\"item\":\"https:\/\/psol50.com.br\/congresso2021\/\"},{\"@type\":\"ListItem\",\"position\":2,\"name\":\"Resultados por estados\",\"item\":\"https:\/\/psol50.com.br\/congresso2021\/resultados-por-estados\/\"},{\"@type\":\"ListItem\",\"position\":3,\"name\":\"Resultados por estados ACRE\"}]}]}<\/script>\n<!-- \/ Yoast SEO plugin. -->","yoast_head_json":{"title":"Resultados por estados ACRE - 7\u00ba Congresso Nacional do PSOL","robots":{"index":"index","follow":"follow","max-snippet":"max-snippet:-1","max-image-preview":"max-image-preview:large","max-video-preview":"max-video-preview:-1"},"canonical":"https:\/\/psol50.com.br\/congresso2021\/resultados-por-estados\/acre\/","og_locale":"pt_BR","og_type":"article","og_title":"Resultados por estados ACRE - 7\u00ba Congresso Nacional do PSOL","og_url":"https:\/\/psol50.com.br\/congresso2021\/resultados-por-estados\/acre\/","og_site_name":"7\u00ba Congresso Nacional do PSOL","article_publisher":"https:\/\/www.facebook.com\/psol50","og_image":[{"width":794,"height":503,"url":"https:\/\/psol50.com.br\/congresso2021\/wp-content\/uploads\/2021\/05\/Thumbs_7CONPSOL.jpg","type":"image\/jpeg"}],"twitter_card":"summary_large_image","twitter_site":"@psol50","twitter_misc":{"Est. tempo de leitura":"6 minutos"},"schema":{"@context":"https:\/\/schema.org","@graph":[{"@type":"Organization","@id":"https:\/\/psol50.com.br\/congresso2021\/#organization","name":"7\u00ba Congresso Nacional do PSOL","url":"https:\/\/psol50.com.br\/congresso2021\/","sameAs":["https:\/\/www.facebook.com\/psol50","https:\/\/www.instagram.com\/psol50\/","https:\/\/www.youtube.com\/channel\/UC7SnJS5o1os7a6CaiNabzcg","https:\/\/twitter.com\/psol50"],"logo":{"@type":"ImageObject","@id":"https:\/\/psol50.com.br\/congresso2021\/#logo","inLanguage":"pt-BR","url":"https:\/\/psol50.com.br\/congresso2021\/wp-content\/uploads\/2021\/05\/Thumbs_7CONPSOL.jpg","contentUrl":"https:\/\/psol50.com.br\/congresso2021\/wp-content\/uploads\/2021\/05\/Thumbs_7CONPSOL.jpg","width":794,"height":503,"caption":"7\u00ba Congresso Nacional do PSOL"},"image":{"@id":"https:\/\/psol50.com.br\/congresso2021\/#logo"}},{"@type":"WebSite","@id":"https:\/\/psol50.com.br\/congresso2021\/#website","url":"https:\/\/psol50.com.br\/congresso2021\/","name":"7\u00ba Congresso Nacional do PSOL","description":"Partido Socialismo e Liberdade","publisher":{"@id":"https:\/\/psol50.com.br\/congresso2021\/#organization"},"potentialAction":[{"@type":"SearchAction","target":{"@type":"EntryPoint","urlTemplate":"https:\/\/psol50.com.br\/congresso2021\/?s={search_term_string}"},"query-input":"required name=search_term_string"}],"inLanguage":"pt-BR"},{"@type":"WebPage","@id":"https:\/\/psol50.com.br\/congresso2021\/resultados-por-estados\/acre\/#webpage","url":"https:\/\/psol50.com.br\/congresso2021\/resultados-por-estados\/acre\/","name":"Resultados por estados ACRE - 7\u00ba Congresso Nacional do PSOL","isPartOf":{"@id":"https:\/\/psol50.com.br\/congresso2021\/#website"},"datePublished":"2021-09-06T04:51:47+00:00","dateModified":"2021-09-06T04:51:47+00:00","breadcrumb":{"@id":"https:\/\/psol50.com.br\/congresso2021\/resultados-por-estados\/acre\/#breadcrumb"},"inLanguage":"pt-BR","potentialAction":[{"@type":"ReadAction","target":["https:\/\/psol50.com.br\/congresso2021\/resultados-por-estados\/acre\/"]}]},{"@type":"BreadcrumbList","@id":"https:\/\/psol50.com.br\/congresso2021\/resultados-por-estados\/acre\/#breadcrumb","itemListElement":[{"@type":"ListItem","position":1,"name":"In\u00edcio","item":"https:\/\/psol50.com.br\/congresso2021\/"},{"@type":"ListItem","position":2,"name":"Resultados por estados","item":"https:\/\/psol50.com.br\/congresso2021\/resultados-por-estados\/"},{"@type":"ListItem","position":3,"name":"Resultados por estados ACRE"}]}]}},"_links":{"self":[{"href":"https:\/\/psol50.com.br\/congresso2021\/wp-json\/wp\/v2\/pages\/29607"}],"collection":[{"href":"https:\/\/psol50.com.br\/congresso2021\/wp-json\/wp\/v2\/pages"}],"about":[{"href":"https:\/\/psol50.com.br\/congresso2021\/wp-json\/wp\/v2\/types\/page"}],"author":[{"embeddable":true,"href":"https:\/\/psol50.com.br\/congresso2021\/wp-json\/wp\/v2\/users\/1"}],"replies":[{"embeddable":true,"href":"https:\/\/psol50.com.br\/congresso2021\/wp-json\/wp\/v2\/comments?post=29607"}],"version-history":[{"count":5,"href":"https:\/\/psol50.com.br\/congresso2021\/wp-json\/wp\/v2\/pages\/29607\/revisions"}],"predecessor-version":[{"id":29668,"href":"https:\/\/psol50.com.br\/congresso2021\/wp-json\/wp\/v2\/pages\/29607\/revisions\/29668"}],"up":[{"embeddable":true,"href":"https:\/\/psol50.com.br\/congresso2021\/wp-json\/wp\/v2\/pages\/29604"}],"wp:attachment":[{"href":"https:\/\/psol50.com.br\/congresso2021\/wp-json\/wp\/v2\/media?parent=29607"}],"curies":[{"name":"wp","href":"https:\/\/api.w.org\/{rel}","templated":true}]}}